213 - -3193. What is the remainder when l is divided by 140?
0
Calculate the remainder when 260 is divided by (117/(-12) - (-3 - (-12)/(-3)))*-44.
18
Suppose -536*j + 531*j = -4085. Suppose 813*u = j*u - 752. Calculate the remainder when u is divided by 64.
60
Let j(o) = 3*o - 3*o - 2*o**2 + 0 + 10. Let b be j(-5). Let u = -6 - b. Calculate the remainder when u is divided by 12.
10
Let x = 215 - -49. Let u = 392 - x. What is the remainder when u is divided by 23?
13
Let h(q) = -7*q + 99. Let x(l) = -6*l + 97. Let d(o) = 3*h(o) - 4*x(o). Let m(k) = -10*k + 5. Calculate the remainder when m(-5) is divided by d(35).
13
Suppose 0*b = -4*b + 136. Suppose -3*i + 3*c = -276, 3*i + 24*c - 26*c - 274 = 0. Suppose i*u + 9 = 91*u. What is the remainder when b is divided by u?
7
Let w = 197 + 72. Suppose 814 = 42*g - 824. What is the remainder when w is divided by g?
35
Calculate the remainder when ((-7248)/(-9))/2 - 4/(-30)*-5 is divided by 22.
6
Let t(d) = 23 - d**3 + 3*d - 19*d + 0*d**3 - 14*d**2 - 6*d. Calculate the remainder when t(-13) is divided by 13.
10
Let w = 4 + -25. Suppose -338 = -28*h + 15*h. What is the remainder when 4/14 - (1653/w - -4) is divided by h?
23
Let a(s) = -3 - 11*s**2 + 12*s**2 - 23*s - s**3 - 4*s + 15*s**2. What is the remainder when a(14) is divided by 87/21 - (-12)/(-84)?
3
Suppose 4*x = -3*p + 166, 2*x + 2*p - 4*p = 90. What is the remainder when 12033/56 - 1 - 2/(-16) is divided by x?
42
Let i = -36 - -44. Let m be (-8)/28 + 2/7*i. Suppose -m*a + 39 = 35. What is the remainder when 9 is divided by a?
1
What is the remainder when ((-701270)/2760)/(2/(-12)) + (-1)/(-2) is divided by 304?
5
Let t(n) = 68*n + 8818. What is the remainder when t(-118) is divided by 378?
38
Suppose 1084 = -4*y + 5168. Suppose 4*i + 93 - 218 = p, 10*i = p + 311. What is the remainder when y is divided by i?
29
Let i(o) = -o**3 + 4*o**2 + 23*o + 4. Let n be i(7). Calculate the remainder when 66 is divided by (7/(105/n))/((-24)/(-240)).
6
Suppose 3*d + 4*z = 2559, 34*d = 36*d - z - 1728. What is the remainder when d is divided by 18?
15
Suppose -3584 = -36*n + 24*n - 20*n. What is the remainder when 412 is divided by n?
76
Let o be (1/(-2)*7)/(5/(-70)). Suppose -4*b - 36 = -3*c - 253, -c + o = b. Calculate the remainder when b is divided by 18.
16
Let b(p) = p**3 - 48*p**2 + 46*p + 117. Calculate the remainder when 227 is divided by b(47).
17
Let q(g) = 27*g - 99. Let v be q(9). Suppose 2*d + 90 - v = 0. Let r(k) = 20*k. Calculate the remainder when r(4) is divided by d.
26
Let b = 2128 - 2064. What is the remainder when 540 is divided by b?
28
Let g = 742 - 348. What is the remainder when g is divided by (-30)/(-225) - (-978)/90?
9
Let v = -5 - -19. Let r(s) = -4*s**2 + 234*s + 761. Calculate the remainder when r(-3) is divided by v.
9
Let t be 28/5 - (4/(-5))/2. Let j = 14 + t. Suppose y + 13 = o, -5*o + 0*y + j = 4*y. Calculate the remainder when 37 is divided by o.
5
Suppose -k = 14 - 18. Suppose -k*l - 177 - 21 = -2*w, 341 = 3*w + 5*l. Let v = 148 - w. What is the remainder when v is divided by 11?
8
Suppose 443*c - 2760 = 428*c. Calculate the remainder when c is divided by 18.
4
Calculate the remainder when 3283 is divided by -103*25/(-35) + -1 + 9/21.
71
Let g(d) = d**3 - 22*d**2 - 839*d - 23. Let s(a) = 14*a - 19. Calculate the remainder when s(20) is divided by g(42).
14
Let x = 22797 - 8549. Calculate the remainder when x is divided by 95.
93
Let w(j) = -114*j + 927. What is the remainder when 57 is divided by w(8)?
12
Let j be (2 - -154)*(-36)/108. Suppose -17 = -4*q + 19. What is the remainder when -1 + 1 + j/(-7 - -5) is divided by q?
8
Suppose 3*a + s = 5*s + 28, 2*s = a - 6. Let c(t) = -129*t + 3416. What is the remainder when c(26) is divided by a?
14
Let k(h) = 14*h**2 - 151*h - 609. Calculate the remainder when k(-4) is divided by 140.
79
Let a(r) = r**3 + 22*r**2 + 16*r - 194. Suppose 2*v + 0*v - 4*q - 116 = 0, -2*q = 4*v - 182. Calculate the remainder when a(-20) is divided by v.
46
Let h = 91 - 35. Suppose 5*c = 30, -o + 13*c = 18*c - 191. What is the remainder when o is divided by h?
49
Let f = 81 + -79. Suppose -3*u = 2*j - 155, -f*j + 5*u + 137 = 2*u. Calculate the remainder when j is divided by 13.
8
Let m be 1/6*3*(-2 - -4). Let s be 1*(7 - m)*136/12. Suppose 0 = 10*f - 14*f + s. Calculate the remainder when 31 is divided by f.
14
Let t = 10 - -92. Let n = t - 32. Let j(a) = -3*a**2 - 62*a + 103. What is the remainder when n is divided by j(-22)?
10
Let z(j) = 2*j**2 - 2*j - 8. Let n be z(6). Let a = 1019 - 1033. Let o = a + n. Calculate the remainder when o is divided by 7.
3
Suppose 78*q = 77*q + 432. Suppose 7*u = 15*u - q. What is the remainder when 155 is divided by u?
47
Suppose -4*g - 8 = -0*g, 4*m - 118 = -3*g. What is the remainder when 339 is divided by m?
29
Let f(j) = 3*j + 7. Let h be f(0). Suppose 104 = h*t - 106. What is the remainder when 388 is divided by t?
28
Let c(v) = v**3 - 5*v**2 + 3*v - 6. Let f(b) = -2*b**2 + 13*b + 23. Let y be f(8). Calculate the remainder when c(6) is divided by (-34*(-9)/(-18))/y.
14
Let g(z) = -38*z**2 - 317*z - 3. What is the remainder when 130 is divided by g(-8)?
29
Let a(h) = -2*h - 3. Let p be a(-7). Suppose p*k = 3*k - 176. Let t = k + 46. Calculate the remainder when 46 is divided by t.
22
Let m(t) = 2*t**2 - 50. Let w be 0 + (-32)/6 - 242/363. What is the remainder when 153 is divided by m(w)?
21
Let l(z) = 2*z - 16. Suppose 9*g + 1339 + 2 = 0. Let f = -126 - g. Calculate the remainder when f is divided by l(12).
7
Suppose -1705 - 8518 = -117*b - 2618. Suppose 2*m = m + 4. Suppose h = -m*h + 110. What is the remainder when b is divided by h?
21
Suppose -7*u = -23*u - 241*u + 149574. Calculate the remainder when u is divided by 40.
22
Let u(a) = a - 7. Let i be u(2). Let o be (i/20)/((-4)/16). Calculate the remainder when 7 is divided by o/(-6) + 361/114.
1
What is the remainder when -23 + (-4807)/(-207) - ((-44845)/9 - -2) is divided by 14?
11
Let r = 3936 - 3782. What is the remainder when 319 is divided by r?
11
Let t(s) = -12*s + 12. Let m(b) = b. Let d(v) = -21*m(v) - 3*t(v). What is the remainder when d(10) is divided by (6/3)/((-2)/(-13))?
10
Let j(h) = h**3 - 9*h**2 - 61*h + 679. Calculate the remainder when j(9) is divided by 50.
30
Let r(p) = p + 9. Let d = -38 + 20. Let x be r(d). What is the remainder when 117 is divided by (20 + 5)*x/(-15)?
12
Let y = -912 - -1092. Calculate the remainder when 783 is divided by y.
63
Let p = 242 - 169. What is the remainder when 826 is divided by -3 + p + (2 - 3)?
67
Let x = 1302 - -497. What is the remainder when x is divided by 10?
9
Suppose 3*j = 5*i - 1692, 2*i - 5*i + 992 = 4*j. Calculate the remainder when 0 + -3 - i/(-6) is divided by 6.
5
Suppose 0 = 3*x - 8*a + 11*a + 6, 2*a = 0. Let q(j) = -9*j**3 + 3*j**2 + 4*j - 2. What is the remainder when 147 is divided by q(x)?
73
Suppose -109918 - 65976 = -31*j. What is the remainder when j is divided by 167?
163
Suppose -5 = -4*c + 7, 15 = 2*n - 5*c. Suppose -3*z = -3*h - 117 + 27, 5*z - 4*h - 148 = 0. Calculate the remainder when z is divided by n.
13
Let q = 366 + -366. Suppose -3*l + a + 59 = q, 0*l + 2*l - 4*a = 46. Calculate the remainder when 49 is divided by l.
11
Suppose -3*s - 4*j = 3 + 7, 3*j + 3 = 0. Calculate the remainder when 16/4 + (-1)/s*202 is divided by 36.
33
Suppose -110*x = f - 108*x - 305, 0 = -4*f - 4*x + 1200. What is the remainder when f is divided by 19?
10
Let m = -583 - -590. What is the remainder when 39 is divided by 16/3*1*21/m?
7
Let u(n) = -21*n + 3. Let q be (-80)/(-35) - ((-27)/(-21) - 1). Let z be u(q). Let t = z + 49. Calculate the remainder when t is divided by 8.
2
Let q(t) = 3*t - 23. Let v be q(13). Suppose 10*l = -v*l + 1794. Calculate the remainder when l is divided by 10.
9
Suppose -6*k + 518 = -2*k + 3*r, 3*r = -5*k + 646. Calculate the remainder when 631 is divided by k.
119
What is the remainder when 850 is divided by 5 - (24/2 - 15)?
2
Let o(v) = v**3 + v**2 + v + 102. Let r be o(0). Let k = -14 - r. Let t = k - -125. Calculate the remainder when 41 is divided by t.
5
Suppose -4*j - 86 = -5*r, -7*r = -3*r - j - 60. Suppose 4*p + 44 = 3*b - r, 2*b = 2*p + 38. Let u = 151 + -100. Calculate the remainder when u is divided 